r = -9687 + 17941. What is the units digit of r?
4
Let g(r) = r**3 + 14*r**2 + 13*r + 4. Suppose 0 = -5*x - 66 + 1. Let b be g(x). Suppose 10*p + 689 = 13*p - 5*z, b*z = -5*p + 1136. What is the tens digit of p?
2
Let d(n) = n**3 - 12*n**2 + 13*n - 19. Let z be d(11). Let j be (56 + -11)*1/z*1. Let i = 28 - j. What is the tens digit of i?
1
Let r = -8222 - -13148. What is the thousands digit of r?
4
Let r(z) = z**2 - 16*z + 17. Let p be r(15). Let j(c) = p + c**2 + 21*c**3 - 2 + 57*c**3. What is the units digit of j(1)?
9
Suppose 5*f + 1685 = -5*b, 3*f - 2*b + 4*b = -1007. Let y = -274 - f. What is the tens digit of y?
5
Suppose -20 = -n - 3. Suppose 0 = -27*h + n*h + 4610. What is the hundreds digit of h?
4
Let y(q) = -q**2 + 41*q + 5. Let p be (6/12)/((-2)/(-116)) + -3. Let v be y(p). Suppose 116*z - 121*z = -v. What is the units digit of z?
9
Let i = 4811 - -345. What is the thousands digit of i?
5
Let g be (7/2)/(2/12). Let s be (g/7)/(3/10). Let q = -1 + s. What is the units digit of q?
9
Let x be (-9)/63 + 172/28. What is the tens digit of x/96*8 - 159/(-2)?
8
Suppose 167*x = -68*x + 8728135. What is the tens digit of x?
4
Suppose -3*v = 4*l - 23595, -5*v + 4*l + 14349 = -24976. What is the thousands digit of v?
7
What is the ten thousands digit of (-18)/4*(231027/53)/(12/(-8))?
1
What is the tens digit of 675726/45 + (-2)/15 - (3 + 1)?
1
Let f(j) be the first derivative of j**3/3 - 7*j**2/2 - 17*j - 29. Let l be f(9). What is the hundreds digit of (l/((-3)/4))/(3/(-414))?
1
Let x = 21957 - 10667. What is the ten thousands digit of x?
1
Let w be 12/(-54) + (-9624)/(-54) + 2. Suppose 0 = 2*k - d - w, k - 5*d + 257 = 4*k. What is the units digit of k?
9
What is the ten thousands digit of -209 + 218 + (30851 - (-5 - -3))?
3
Let c(s) = -s + 276*s**2 + s**3 - 35 - 128*s**2 - 140*s**2. What is the units digit of c(-7)?
1
Suppose 1993 = -17*d - 217. Let q = 192 + d. What is the tens digit of q?
6
Suppose -4*q + 20 = 5*u - 0*q, -4 = -u - 2*q. What is the tens digit of 286/u*(-10)/(-4 - 1)?
4
Let i(d) = 2975*d + 62. What is the units digit of i(3)?
7
Let q(a) = -5*a - 47. Let w be q(-10). Suppose -w*n - 2*n + 1340 = 0. Suppose -4*c + 2*m = -846, 369 = 3*c - 4*m - n. What is the tens digit of c?
1
Let u(d) = 550*d**3 - 10*d**2 + 48*d - 138. What is the ten thousands digit of u(4)?
3
Let p = 980 + -1737. Let i = -284 - p. What is the tens digit of i?
7
Suppose 194 = -r - 940. Let q be 6/33 - r*(-28)/(-88). Suppose -2*n + q = 3*p, 0 = 2*n - 5*n - p + 559. What is the units digit of n?
8
Let a be 1*(-2)/4*-6. Suppose -11*d - 45 = -16*d. Suppose 0 = -5*w - 0*w + 5*y + 215, -a*y + d = 0. What is the units digit of w?
6
Let j be (-56)/7 + 1/(-1). Let u(t) = 10*t - 30. Let o(n) = n - 4. Let x(k) = 24*o(k) - 3*u(k). What is the units digit of x(j)?
8
Let t(y) = y**2 - 7*y + 8. Let l(o) = 4*o + 22. Let x be l(-4). Let v be t(x). Suppose -93 = -4*d - s, 0 = -v*d - 2*d - 3*s + 87. What is the tens digit of d?
2
Let r be (-2 + 4)*(7 - 8). Let u be (-30)/(-20)*(494/3 + r). Suppose -3*z + u = -5*k + 9, -3*z - 4*k = -244. What is the units digit of z?
0
Suppose -24*l = -19*l + 3*w - 47584, -4*l = 5*w - 38075. What is the thousands digit of l?
9
Let x = -745 - -882. Let r = 494 - x. What is the tens digit of r?
5
Let t(q) = -3*q**2 + 12*q - 11. Let a be t(6). Let o be (a/4)/(2/(-8)). Suppose -160 = o*g - 49*g. What is the units digit of g?
0
Let k = 45 - 49. Let t be (k - -5)*(88 + 2). Let h = t + -38. What is the units digit of h?
2
Let x be 0 + 3 + -2*(-10)/10. What is the units digit of (5 - 23/x) + (-10606)/(-10)?
1
Let k(r) = 85 + 94 - 281 + r + 87. Let s be k(7). What is the units digit of 326/2 - -4*(-6)/s?
6
Suppose 12*z - 3*z = 18. What is the hundreds digit of 396 + 13/((-13)/z)?
3
Suppose -l + 4761 = -o, 27*l - 14319 = 24*l - 3*o. What is the hundreds digit of l?
7
Suppose -2*z + 750 + 1570 = 0. Suppose 6*t = 14*t - z. Suppose -4*f - t = -573. What is the tens digit of f?
0
Let m = -836 + 840. Let g be 67 - (-1 + 0/(-2)). What is the tens digit of (g/(-10) + m)*-10?
2
Suppose j - 1564 = 4*u, 5*u + 312 + 1652 = -j. Let f = 528 + u. What is the tens digit of f?
3
Let h be ((-8)/(-6))/((-12)/(-18)). Let c be 52*((-7)/h + 4). Let b = c - -92. What is the hundreds digit of b?
1
Suppose -2*r - g + 13010 = 0, 0*r - 3*r - 3*g + 19509 = 0. What is the thousands digit of r?
6
Let l(r) = -244*r**3 - r**2 - 18*r + 18. What is the ten thousands digit of l(-4)?
1
Let y(d) be the first derivative of -d**4/4 + 13*d**3/3 + 11*d**2/2 - d + 150. What is the tens digit of y(10)?
0
Suppose w = -3*q + 1171 + 3893, -4*q - 4*w + 6744 = 0. What is the units digit of q?
9
Let q(k) = 35*k**3 + 4*k**2 + 8*k + 12. Let s be q(-2). Let n = s - -596. Suppose -808 = -10*w - n. What is the units digit of w?
8
Let u be (2/10)/((-12)/(-60)) + 86. Suppose -2*r - u + 241 = 0. What is the units digit of r?
7
What is the units digit of (((-235950)/(-117))/(-25))/(4/(-4578))?
3
Let l be -12*(-4)/(-9 - -1). Let q(c) = -48*c - 51. What is the units digit of q(l)?
7
Let l be (-2 - -3)/((-5634)/(-1881) - 3). Let y = l - -249. What is the tens digit of y?
4
Let x be (4 - -4410) + 4 - (-2 - 0). Suppose 889*r - x = 885*r. What is the tens digit of r?
0
Let m(o) = 263*o**2 + 15*o + 22. What is the tens digit of m(-5)?
2
Suppose -11 - 10 = -3*h. Let g(s) = 56*s + 41. Let n(t) = -85*t - 62. Let r(q) = 8*g(q) + 5*n(q). What is the tens digit of r(h)?
7
Suppose 5*b - 13 = 3*l, -3*b - 3*l = l - 31. Suppose -4*n + q + 531 = 0, 0*q = -3*n + b*q + 411. Let g = n - 34. What is the tens digit of g?
9
Let k(s) be the third derivative of -4*s**5/5 - s**4/8 + s**3/6 - 7*s**2. Let l be k(1). Let b = -26 - l. What is the units digit of b?
4
Let t be (2/(-4))/((-1)/(-4)). Let c(q) = -25 + 28 + 232*q**3 - q**2 - 243*q**3 + 2*q. What is the tens digit of c(t)?
8
Let s(q) = -3*q**3 - 11*q**2 - 5*q + 4. Let d be s(-6). Let w = d + -422. What is the units digit of 0 + (-2)/10 - w/5?
7
Suppose 67 = 3*s + 4*n, 8*s = 6*s + 5*n + 14. Suppose -27*y + 3880 = -s*y. What is the units digit of y?
8
Let q = -1566 - -3553. Suppose -2*c + 806 = 4*f, 5*c = f - 4*f + q. What is the hundreds digit of c?
3
Let u = -10449 + 37966. What is the ten thousands digit of u?
2
Suppose -8*v = -15*v + 9*v - 6346. What is the tens digit of v?
7
Let g be (-2)/(-11) - (-21992)/44. Let u = g - 197. What is the units digit of u?
3
Suppose -99*j + 317*j - 6278171 = 2326071. What is the hundreds digit of j?
4
Let r be (-83)/(-3) + -5*1/(-15). Let w = r + 2. What is the tens digit of 1720/w + 4/6?
5
Let k be (0 - (-36)/(-30))*(-20)/6. Suppose -s - 5 = 0, 3*i + k*s - 833 - 1748 = 0. What is the hundreds digit of i?
8
What is the units digit of ((-32244)/(-14))/(32/112 + 0)?
1
Let l = 85 + -60. What is the hundreds digit of 210/l*(-2 + 37)?
2
Let r(h) = -7*h**3 - 53*h**2 + 26*h + 76. Let q(z) = 8*z**3 + 54*z**2 - 26*z - 76. Let c(u) = -5*q(u) - 6*r(u). What is the hundreds digit of c(-24)?
5
Let k = -45694 + 64630. What is the hundreds digit of k?
9
Let z = 3419 - 2054. Suppose 19*j = -4*a + 22*j + z, -4*a = 5*j - 1341. What is the units digit of a?
9
Let g = -3219 - -5589. Suppose 0 = -26*a + 31*a - g. What is the hundreds digit of a?
4
Let m = 157 + -155. Let n be 2/(-4) - 15/(-6). What is the tens digit of 4 - (-100 - (n - m))?
0
Suppose 30 = 2*d - 4*m, 5*m - 7 = -2*d - 4. Let p = d - 20. What is the tens digit of p/22 + 59/2?
2
Suppose 7*l = -83 + 139. Suppose -l*d = -18*d + 4740. What is the tens digit of d?
7
Let y be (4 - (-3 + 1)) + -3. Suppose 0 = -3*n + y, 129 - 1410 = -2*i + n. What is the tens digit of i?
4
Suppose -a = 2*y - 0*a - 33, 78 = 4*y - 2*a. Suppose -q + 4 = -4*z, 2*q - 10 - y = 3*z. Suppose 0 = q*t - 25*t + 555. What is the units digit of t?
1
Suppose -33 - 3 = -9*z. Let x be (9 + (z - 5))/2. Suppose -802 - 379 = -4*t + r, 4*t - x*r - 1184 = 0. What is the units digit of t?
5
Suppose p - 5*k - 21879 = 0, -206*k + 207*k + 65581 = 3*p. What is the hundreds digit of p?
8
Let o(t) = 67*t**2 + 580*t + 3. What is the hundreds digit of o(3)?
3
Let b = 78 + -6. Let z = -224 - -159. Let t = b + z. What is the units digit of t?
7
Suppose 371 = -4*i - 3*z, -3*i + z - 257 = -z. Let j = -109 - i. Let u(f) = f + 33. What is the tens digit of 